 a be (0 + 6/12)*(0 + 0). Suppose a = -15*z + 435 + 1125. What are the prime factors of z?
2, 13
Let l(v) = 5*v**2 + 2*v - 25 - 4*v**2 + 8 + 8*v. Let r(h) = -2*h**3 + 3*h**2 + 3*h + 4. Let z be r(3). What are the prime factors of l(z)?
3, 13
Let m = 8 - 3. Suppose 2*k - 28 = m*z, 4*k = 5*z + 5 + 31. What are the prime factors of z/(-3 + -1) + 206/2?
2, 13
Let s = -86 + 95. Let i be 61/(-9) - (56/s - 6). What are the prime factors of (6 + i)*(-2 + 0 + -103)?
3, 5, 7
Let b(l) = -l**3 - 11*l**2 + 17*l - 28. Let k be b(-15). Let n = k + 1031. List the prime factors of n.
2, 103
Suppose 0 = 13*d + 38 + 79. Let o(r) = -r**2 - 6*r + 4. Let x be o(d). Let f = 98 - x. List the prime factors of f.
11
Suppose 4*d = -g + 19544, -19556 = -4*d + 18*g - 22*g. What are the prime factors of d?
5, 977
Let n(r) = 10*r**2 - 16*r + 19. Let l be n(4). What are the prime factors of (l/20 + -3)/(1/132)?
3, 11
Let g(o) = -31*o - 163. Let k be g(-17). Let q = k - 15. What are the prime factors of q?
349
Suppose 0 = -46*y + 55*y. What are the prime factors of y - -3 - (-472 + -5)?
2, 3, 5
Let t = 66 - 63. Suppose -3*c - 135 = -t*b, c - 231 = -4*b - 26. Suppose -b = -5*p + 625. List the prime factors of p.
3, 5
Suppose 3*y - 5460 = -3*z, 3*z + 354 = 4*y + 5835. List the prime factors of z/7 - 48/(-84).
3, 29
Let h(f) = -154*f + 11 + 77*f + 11*f**2 + f**3 + 75*f. Let b(c) = c**2 + 9*c + 7. Let a be b(-3). List the prime factors of h(a).
3, 11
Suppose -3*z + 994 = 4*l, 3*z - 6*z + l + 1019 = 0. Let u(t) = 185*t + 7. Let s be u(-1). Let w = s + z. What are the prime factors of w?
2, 5
Suppose w + 40945 = 21*w - w. List the prime factors of w.
5, 431
Suppose 34*v - 64 = 32*v. What are the prime factors of ((-16068)/(-16) - -4) + (-8)/v?
2, 3, 7
Let n(l) = 4445*l**2 - 3. What are the prime factors of n(1)?
2, 2221
Let v(r) = r**3 + 4*r**2 - 9*r - 1. Suppose -3*w - 4*m + 0*m = -1, -4*w - 2*m - 12 = 0. Let b be v(w). Suppose -b*x + 15*x = -188. List the prime factors of x.
47
Let v(z) = 234*z**3 + 2*z**2. Let l be -16 + 14 - (6/(-3) + -1). What are the prime factors of v(l)?
2, 59
Let p = -17968 + 36155. What are the prime factors of p?
13, 1399
Let i(v) = 12*v**3 + 8*v**2 + v - 15. Let w be i(6). Let h = w - 1219. List the prime factors of h.
2, 7, 59
Let o(d) = 8*d**3 - 10*d**2 + 2*d - 4. Let q be o(-3). Let x = 307 - q. List the prime factors of x.
7, 89
Suppose 11349 = 8*a - 6795. Let y = a + -1073. What are the prime factors of y?
5, 239
Let m = 3982 - -1339. Let b = -3761 + m. List the prime factors of b.
2, 3, 5, 13
Let f(o) = 9*o - 196. Suppose 32*w = 44*w - 276. List the prime factors of f(w).
11
Suppose 2*s - 7*s = 5*n - 228910, -2 = -n. List the prime factors of s.
2, 3, 5, 7, 109
Let k(o) = -14*o + 36*o + 15*o + 30*o + 43. What are the prime factors of k(4)?
311
Let k = 40231 - 20871. What are the prime factors of k?
2, 5, 11
Let r be (10 + -3)*(-6)/(-7). Let b be 18/(-4)*220/r. Let n = -16 - b. What are the prime factors of n?
149
Let f(d) = 12*d - 148 + 377 - 29*d + 18*d. Let s = 24 + -24. What are the prime factors of f(s)?
229
Let p(o) = -1975*o + 2657. List the prime factors of p(-8).
18457
Let p be ((-2)/(-8))/(35/(-56))*-15. Suppose -p*s = -519 - 261. Let h = 146 - s. What are the prime factors of h?
2
Let k be ((-10)/(-4))/(-5)*-1318. Suppose -z + 241 = d, -2*d + 1190 = -7*z + 12*z. Suppose -3*w + k = z. What are the prime factors of w?
3, 47
Let f(u) = -u**2 - 22*u - 115. Let b be f(-13). Suppose -117 - 4883 = -5*t - b*w, -w - 4000 = -4*t. What are the prime factors of t?
2, 5
Suppose 3*x + 131 = 2*n - 2*x, 5*x - 345 = -5*n. Suppose 5*l + 19 = -2*z, -3*z = -0*z - 9. Let h = n + l. What are the prime factors of h?
3, 7
Suppose 0 = 23*k + 7 - 53. Suppose 5*b = -k*i + 7404, b - 1657 + 187 = 5*i. List the prime factors of b.
2, 5, 37
Let f = 1183 - -17935. What are the prime factors of f?
2, 11, 79
Let w(v) = 143*v**2 - 185*v - 1814. List the prime factors of w(-10).
2, 7
Let o(a) = 10*a**3 + 5*a**2 - 52*a + 66. What are the prime factors of o(10)?
2, 5023
Suppose 0 = 25*f + 20665 - 85540. List the prime factors of f.
3, 5, 173
Let t = 376 - 367. Suppose 1421 = t*n - 5581. List the prime factors of n.
2, 389
Let b be (-3)/((-54)/68) - 78/(-351). Suppose -5*g - b - 1 = 0, 0 = -5*q + 5*g + 265. What are the prime factors of q?
2, 13
Suppose -2*a = -22*a + 2540. Suppose 134*y - a*y - 2478 = 0. List the prime factors of y.
2, 3, 59
Suppose -113*q - 25736 = -117*q - 5*r, -4*q + 25760 = 2*r. List the prime factors of q.
2, 3, 179
Let j be (-7)/2*-4 - (0 - -3). Suppose -j*v + 3626 = 3*v. What are the prime factors of v?
7, 37
Let j be (2498/6)/(((-102)/18)/(-17)). Let o = j + -341. What are the prime factors of o?
2, 227
Suppose 2*q + 2*q + 5*f = 28, -4*f = 3*q - 22. Suppose -38 = -3*s - q. Suppose 24*h = s*h + 468. What are the prime factors of h?
3, 13
Suppose 12*c + 810 = 54. Let q = 71 + c. Suppose -q*n + 259 = -n. List the prime factors of n.
37
Let h = -123 - -125. Suppose -m = 2*t + 3*t + 24, h*m - 5*t = 27. Suppose 4*z - 19 = m. List the prime factors of z.
5
Suppose 4*m - 9*m - 2*k + 132 = 0, 3*k = -m + 16. What are the prime factors of 453*m/21 + (-8)/4?
2, 7, 43
Suppose -70278 - 606736 = -25*l - l. List the prime factors of l.
13, 2003
Let b be ((-180)/(-16))/(2/(-80)). Let z = -86 - b. Suppose 4*j - z = 68. List the prime factors of j.
2, 3
Let q be 4/(-12) + (-337)/(-3). Let s(y) = -3*y**2 + 42*y + 8. Let b be s(15). Let o = q + b. What are the prime factors of o?
3, 5
Let i be (-4)/10 + (-136)/(-340). Let k(l) = 24*l + 1251. What are the prime factors of k(i)?
3, 139
Let j(a) = -2*a**3 - 138*a**2 + 112*a + 213. What are the prime factors of j(-71)?
5, 7, 71
Suppose -t + 11*j - 8*j + 4619 = 0, -5*t + 4*j + 23084 = 0. What are the prime factors of t?
2, 577
Let b(l) = -115*l + 535. List the prime factors of b(-28).
5, 751
Suppose 148*l + 23124 = 149*l + 2*y, -l + y + 23142 = 0. List the prime factors of l.
2, 3, 241
Let n(t) = 1586*t + 6740. List the prime factors of n(44).
2, 3, 7, 911
Let q be (-5)/(30/16)*9/(-6). Suppose q*g - g + 4*y = 443, -4*g + 2*y + 554 = 0. What are the prime factors of g?
3, 47
Suppose -11*y + 4525 + 1987 = 0. Let g = y + 96. What are the prime factors of g?
2, 43
Let b(s) = -135*s + 100. What are the prime factors of b(-51)?
5, 11, 127
Let m(r) = -3*r**3 - 134*r**2 + 106*r - 48. List the prime factors of m(-47).
10433
Let h be (2 + 5/((-15)/18))*-29. Let o = h + 281. What are the prime factors of o?
397
Suppose 0 = 5*b - 16799 - 711. List the prime factors of b.
2, 17, 103
Let a = -140 - -519. List the prime factors of (-20)/5 + a - -2.
13, 29
Suppose 8*j + 16982 = 74790. List the prime factors of j.
2, 3613
Let x(f) = 29*f**2 + f - 4. Let r be x(4). Suppose 0 = 4*q - r - 1004. What are the prime factors of q?
367
Let z = -228 - -234. List the prime factors of 200 + (10 - z) - 5.
199
Suppose 587*u - 580*u = 14770. Suppose -i = 4*z - 1055, 8*i - u = 6*i + z. List the prime factors of i.
5, 211
Let r(k) = -2676*k - 467. What are the prime factors of r(-2)?
5, 977
Let o(d) = -181*d + 5955. List the prime factors of o(-106).
31, 811
Let g be 0 - (0/(-3) + -5 - 0). Suppose -482 = -g*w + 853. What are the prime factors of w?
3, 89
Let j = -488 - -877. Suppose 1179 = -j*t + 392*t. What are the prime factors of t?
3, 131
Suppose g - 375 = -4*s, -s - 2*g - 3*g + 108 = 0. Let i = s - 91. Suppose -i*u = -5*d + 98 - 521, 0 = -2*u + 4*d + 428. List the prime factors of u.
2, 7
Suppose -2*o + 6*o - 74 = -3*q, 5*q - 4*o - 134 = 0. Suppose -2*k + q*k - 5064 = 0. What are the prime factors of k?
211
Let g(j) = 9*j**3 + 15*j**2 - 15*j - 86. What are the prime factors of g(15)?
7, 17, 281
Suppose -872*s - 200368 = -900*s. List the prime factors of s.
2, 1789
Suppose 7*v + 2515 - 632 = 0. Let w = 609 + v. List the prime factors of w.
2, 5, 17
Suppose 4*f + 17 = 5*f. Let y(t) = t**2 - 17*t + 4. Let s be y(f). List the prime factors of 9*(32/12 + s).
2, 3, 5
Let m(p) = 21*p**2 + 2 + 0 + 11*p + 33*p - 19*p**2. List the prime factors of m(-30).
2, 241
Let j be (-12)/30 - 12/(-5). Suppose 4*h - 3*i = -i + 20, 0 = -j*h - 3*i + 18. Suppose 3*l = -5*f + 788, h*f + 3*l - 468 = 3*f. List the prime factors of f.
2, 5
Let o be 0/(3 - (2 - 3)). Let f be (o